 -3*v. What is the tens digit of (-8180)/v*-3 + 4/22?
7
Let g(y) be the second derivative of -127*y**3/2 - 2*y - 11. What is the units digit of g(-2)?
2
Suppose 2*n - 2964 = 2*v, n - 2*v + 4*v = 1491. What is the hundreds digit of (84/(-18))/((-10)/n)?
6
Let h = 61 - 64. Let r be (4/2 - (-8)/h)*-6. Suppose 0*u - 4*u + 480 = -r*o, -2*u - 5*o + 233 = 0. What is the units digit of u?
9
What is the tens digit of (-8792771)/(-281) + (2 - 20)?
7
Let b = -505 + 505. Suppose -5*t + k + 1619 = b, -15*t + 19*t - 4*k - 1308 = 0. What is the tens digit of t?
2
Let t(i) be the third derivative of 13/3*i**3 - 1/2*i**4 + 1/60*i**5 + 0 + 0*i - 13*i**2. What is the units digit of t(14)?
4
Suppose -3778 = -2*i - 1372. Suppose -7254 - 36 = -6*o. Suppose -5*h - 2*b = -i, 17*h + 5*b = 12*h + o. What is the hundreds digit of h?
2
Suppose 0 = -10*u + 3 - 3. What is the thousands digit of -7 + 11 - -1139 - u?
1
Let i(n) = 25*n**2. Suppose f + 3 = -2*s, 5*s - 15 = -5*f + s. Let m(h) = -4*h + 27. Let j be m(f). What is the tens digit of i(j)?
2
Let u(f) = 92*f**2 + 526*f - 29. What is the thousands digit of u(-17)?
7
Let h(a) be the first derivative of -a**3/3 + 7*a**2 - 15*a + 5. What is the tens digit of h(8)?
3
Let m = -2759 + 53958. What is the ten thousands digit of m?
5
Let w = 50 - -750. Suppose -w = -5*u + 5*p, -u + 5*p - 840 = -6*u. What is the hundreds digit of u?
1
Suppose 8*u + 5 = 13*u + r, u = -2*r - 8. Suppose d + 5*q = 632, 0 = u*d - 4*d - 2*q + 1288. What is the tens digit of d?
4
Suppose 4*i + 5830 = -2*d, 0 = -3*i + 3*d - 329 - 4039. Let v = -763 - i. What is the hundreds digit of v?
6
Suppose 2495 = -15*t + 10*t. What is the units digit of (-18)/3 - -1 - t?
4
Let z be (-4 - 110/(-25)) + (-33)/(-5). Suppose -1583 = -z*w + 566. What is the units digit of w?
7
Let n be (-8)/(-6)*2/(6/9). Let m(v) = n*v + 0*v - v**3 - 8*v**2 - 14 - 2*v. What is the tens digit of m(-9)?
4
Let m = 46 + -36. Let f be m/(1 - (-17)/(-15)). What is the tens digit of 16/4 + (-4 - f)?
7
What is the thousands digit of 2/(-12) - (-159133)/78?
2
Let h be -672*((-1)/(-3) + -1). Let j(u) = -32*u**3 + 10*u**2 + 8*u - 36. Let b be j(-2). Let p = h - b. What is the units digit of p?
4
Suppose 2*a = -b + 5 - 2, 0 = 4*a + 5*b - 15. What is the tens digit of 10*41 + (-8)/(a - 2)?
1
Let g = 468 - 286. Let a = 155 + g. What is the tens digit of a?
3
Suppose 7*t + 942 = 10*t. Suppose t + 127 = 7*w. What is the units digit of w?
3
Let m = 14298 + -7232. What is the thousands digit of m?
7
Let w = 11780 + -5184. What is the thousands digit of w?
6
Suppose -4*l - 65 = -5*v, -3*v - 5*l - 4 = -6. Let a(d) = 35*d + 26. What is the tens digit of a(v)?
4
Suppose 5*z - 1778 = 617. Suppose 0 = -3*q - 15 + 3, 3*t - 5*q = z. Suppose 4*i - t = 5*h, 5*h - 12 = 5*i - 207. What is the tens digit of i?
4
Let a(w) = -w**3 - 3*w**2 + 3*w + 10. Let n(s) = -s**3 + s**2 - s - 1. Let o(k) = a(k) + 5*n(k). What is the tens digit of o(-2)?
6
Suppose -d = 5*n - 24, 3*d - n + 5*n - 28 = 0. Let i(p) = -109*p + 47. Let l be i(d). Let a = l - -618. What is the units digit of a?
9
Let n(c) = 27*c - 158. Let h be n(6). Suppose -h*j + 819 = -977. What is the hundreds digit of j?
4
Let l(w) = -6*w + 1. Suppose 3*g - 9*g = 0. Suppose -32 = 4*b - g*b. What is the units digit of l(b)?
9
Let d = -178 - -533. Let l = 273 + d. What is the units digit of l?
8
Let s(m) = 18 - 19 - 53 - 15*m. Let l be s(-6). Suppose -h = -2*n - l, -2*n + 0*n = h - 36. What is the units digit of h?
6
Let s(i) = -3*i + 5. Let q be s(-9). Suppose q = -l + 5*l. What is the units digit of l/((-16)/(-210)) - -1?
6
Suppose 0 = -88*b + 89*b - 125. Suppose 365 = a - b. What is the units digit of a?
0
Let r = -61 - -61. Suppose 3*y - 110 = -5*n, 2*n = -y - r*n + 36. What is the hundreds digit of 5860/y*(0 + 2)?
2
Suppose 4*a = 3*g - 51, 3*a - a + 15 = g. Suppose g*s = 28*s - 357. What is the units digit of s?
1
What is the units digit of (-88 + 7)/((-37137)/2652 - -14)?
8
Let j = 3686 + -3091. What is the tens digit of j?
9
Let k be (8203/(-52))/(1/(-4)). Let t = -284 + k. What is the tens digit of t?
4
Let s(r) = -7*r + 177. Let a be s(25). Suppose -2*u + 4*u - 480 = -a*p, -u - 250 = -p. What is the units digit of p?
5
Let s = -4 - -6. Suppose -4*o + p + 201 = -292, 5*o + 5*p = 610. Suppose 5 = s*i - o. What is the tens digit of i?
6
Let n = -140960 - -234666. What is the tens digit of n?
0
Suppose 0 = -2*r + r + 1068. What is the hundreds digit of (r/16)/(-4*3/(-64))?
3
Suppose -12 = -6*n + 2*n. Suppose n*r - 1091 = 3433. Suppose -r = 7*f - 20*f. What is the hundreds digit of f?
1
What is the tens digit of 2125/(-10)*(-6 - (147/5 - 1))?
1
Let t = -15 + 37. Suppose -3*q = -2*v + 127, -3*q = -7*q - 20. Let h = v - t. What is the units digit of h?
4
Let v be (-2)/9 - (-8960)/63. Suppose -297 = -14*a + 3*a. Let p = v - a. What is the hundreds digit of p?
1
Let h = -1634 - 216. Let f = h - -3036. What is the tens digit of f?
8
Let q be ((-1603)/14)/((-4)/72*3). Suppose 3*x + 1144 = 4*b, 3*b + 2*x = q + 188. What is the hundreds digit of b?
2
Let h = 44873 + -20276. What is the units digit of h?
7
Suppose -167212 + 28832 = -22*n. What is the thousands digit of n?
6
Let u = -27 + 0. Let w be 14*(u/6 - -4). What is the units digit of 2 + 50 + (-8 - w)?
1
What is the hundreds digit of ((-42)/6 + 4179)*18/24?
1
Let d be (7320/(-25))/((-10)/125) + 0. Suppose -5*o = -2*v + 1794 - 5424, 5*o + 4*v - d = 0. What is the units digit of o?
8
Let s = -16639 - -38334. What is the hundreds digit of s?
6
Let f be 2/4*9594/(-13). Let z = -125 - f. What is the units digit of z?
4
Let p = 23 - 28. Let g be p - (-21)/4 - (-9)/(-4). What is the units digit of (-1 - g)*1 - (4 + -4)?
1
Let k(y) = 4870*y**2 + 230*y - 935. What is the ten thousands digit of k(4)?
7
Suppose -15*b = -19*b + 12. Suppose -o = -2*n - b*n, 3*n + 88 = 5*o. Suppose -7*f = -454 + o. What is the units digit of f?
2
Let o be 1 - 215 - -2*3/(-6). Let l = o + 433. What is the units digit of l?
8
Let y be (10 - 6216/(-36))/((-2)/(-6)). Suppose -1500 = -3*c - n, -2*c + 5*n + 452 = -y. What is the hundreds digit of c?
5
Let a(y) = 5 + 11 + 8 - 2*y + y. Let x be a(6). What is the units digit of (x + -16)/((-2)/(-25))?
5
What is the thousands digit of 711/79 - (-5144 + 0)?
5
Let b = -249 + 277. What is the units digit of 7/b*2644*1?
1
Suppose 5*b + 39 = -1. Let t be (-2)/b - (-11)/(-44). Suppose t = j - 3*j - 5*i + 177, -20 = 4*i. What is the hundreds digit of j?
1
Let a = 2547 + -1153. Suppose 5*h - 4*i = 3473, -4*h - 2*i + a = -1400. What is the hundreds digit of h?
6
Suppose -40*b = 48*b - 508987 - 415013. What is the thousands digit of b?
0
Let s(c) = -101*c + 39. Let p(b) = 50*b - 19. Let y(g) = -5*p(g) - 2*s(g). What is the tens digit of y(-9)?
4
Let b(y) = y**3 - 14*y**2 + 8*y + 90. Let m be b(13). Let l(j) = -2*j**3 + 50*j**2 + 23*j - 67. What is the units digit of l(m)?
8
Let z be (-8)/(-20) + ((-12)/(-10))/(-3). Suppose 0 = -v - 2*k - 6, z = v + 3*k - 6*k + 6. What is the units digit of ((-34)/v + -1)/(1/3)?
4
Let o(t) = -t**2 + 10*t + 15. Let g be o(8). Let c = 35 - g. Suppose c*b = i + 24 - 95, 2*i - 175 = -3*b. What is the units digit of i?
3
Let l be -4 + (0 - -1) + (6 - 1). Suppose -4*o + 516 = -5*t, -4*t = 4*o - l*t - 544. What is the units digit of o?
4
Let c = -80061 - -127645. What is the units digit of c?
4
Let j be ((-4)/6)/(14/(-567)). Suppose -4*g = -5*b + j, -4*b + 3*g = -6*b + 20. Suppose -40 = -o + b. What is the tens digit of o?
4
Let v = -74 + 56. Let w be (4/(-6))/(v/108). Suppose 0 = w*o - 221 - 195. What is the tens digit of o?
0
Suppose 150*q - 80520 = 110*q. What is the tens digit of q?
1
Suppose 4*a = -z + 171, -2*z + 6*z = 3*a - 133. Suppose 6*d + 12 = 78. Let c = d + a. What is the units digit of c?
4
Let y(j) be the first derivative of 69*j**2/2 + 131*j - 61. What is the units digit of y(10)?
1
Suppose 12*s = -16 + 76. Let o = 101 + -5. Suppose -g + o = 3*t - 16, -s*g + 5*t + 660 = 0. What is the hundreds digit of g?
1
Let t be (1 - 1) + (-1224)/51. What is the units digit of (t/(-32))/(1/8)?
6
Let y(r) = r + 16. Let n = -45 - -48. Suppose 8 + 16 = -n*d. What is the units digit of y(d)?
8
Let i = 1248 - 740. Suppose -2*q + i = -2*a - 614, 3*a + 6 = 0. What is the tens digit of q?
5